ns digit of 147?
4
What is the units digit of 117?
7
What is the tens digit of 5805?
0
What is the ten thousands digit of 68731?
6
What is the tens digit of 6394?
9
What is the thousands digit of 7356?
7
What is the units digit of 119716?
6
What is the units digit of 6844?
4
What is the tens digit of 3632?
3
What is the units digit of 940?
0
What is the tens digit of 6098?
9
What is the units digit of 1793?
3
What is the tens digit of 2778?
7
What is the units digit of 202087?
7
What is the hundreds digit of 400?
4
What is the thousands digit of 6818?
6
What is the tens digit of 292?
9
What is the tens digit of 1758?
5
What is the thousands digit of 2215?
2
What is the tens digit of 106481?
8
What is the units digit of 25637?
7
What is the ten thousands digit of 107017?
0
What is the units digit of 3019?
9
What is the hundreds digit of 37919?
9
What is the hundreds digit of 159?
1
What is the tens digit of 611?
1
What is the units digit of 3644?
4
What is the units digit of 10456?
6
What is the units digit of 11688?
8
What is the ten thousands digit of 86468?
8
What is the thousands digit of 1000?
1
What is the units digit of 110888?
8
What is the tens digit of 431?
3
What is the hundreds digit of 22569?
5
What is the hundreds digit of 28967?
9
What is the units digit of 22069?
9
What is the ten thousands digit of 48612?
4
What is the hundreds digit of 10192?
1
What is the tens digit of 16857?
5
What is the thousands digit of 1759?
1
What is the tens digit of 70336?
3
What is the tens digit of 10283?
8
What is the tens digit of 34814?
1
What is the thousands digit of 41915?
1
What is the units digit of 1383?
3
What is the hundreds digit of 2526?
5
What is the units digit of 19628?
8
What is the tens digit of 3522?
2
What is the ten thousands digit of 70212?
7
What is the hundreds digit of 14611?
6
What is the ten thousands digit of 48935?
4
What is the hundreds digit of 119068?
0
What is the hundred thousands digit of 114306?
1
What is the ten thousands digit of 59830?
5
What is the units digit of 8893?
3
What is the units digit of 533?
3
What is the units digit of 233?
3
What is the hundreds digit of 2265?
2
What is the units digit of 759?
9
What is the hundreds digit of 26282?
2
What is the ten thousands digit of 58434?
5
What is the thousands digit of 2178?
2
What is the ten thousands digit of 121091?
2
What is the hundreds digit of 2825?
8
What is the thousands digit of 74873?
4
What is the units digit of 42172?
2
What is the units digit of 4407?
7
What is the hundreds digit of 52619?
6
What is the units digit of 75944?
4
What is the thousands digit of 4572?
4
What is the ten thousands digit of 44484?
4
What is the tens digit of 38644?
4
What is the thousands digit of 43295?
3
What is the units digit of 72?
2
What is the hundred thousands digit of 103978?
1
What is the ten thousands digit of 30992?
3
What is the hundreds digit of 4350?
3
What is the tens digit of 34510?
1
What is the units digit of 91?
1
What is the hundreds digit of 49489?
4
What is the thousands digit of 7482?
7
What is the hundreds digit of 17820?
8
What is the thousands digit of 4058?
4
What is the thousands digit of 1892?
1
What is the units digit of 163?
3
What is the thousands digit of 49427?
9
What is the hundreds digit of 4940?
9
What is the tens digit of 25564?
6
What is the tens digit of 7198?
9
What is the tens digit of 787?
8
What is the units digit of 50058?
8
What is the tens digit of 53191?
9
What is the thousands digit of 6357?
6
What is the thousands digit of 10992?
0
What is the hundreds digit of 6937?
9
What is the units digit of 17100?
0
What is the tens digit of 1620?
2
What is the tens digit of 186983?
8
What is the tens digit of 596?
9
What is the hundreds digit of 767?
7
What is the units digit of 1955?
5
What is the tens digit of 2814?
1
What is the hundreds digit of 516?
5
What is the tens digit of 37?
3
What is the tens digit of 2276?
7
What is the thousands digit of 11459?
1
What is the hundreds digit of 1225?
2
What is the hundreds digit of 2078?
0
What is the tens digit of 21061?
6
What is the thousands digit of 1285?
1
What is the thousands digit of 2004?
2
What is the ten thousands digit of 84966?
8
What is the units digit of 589?
9
What is the units digit of 39647?
7
What is the tens digit of 31230?
3
What is the thousands digit of 1226?
1
What is the hundreds digit of 555?
5
What is the tens digit of 943?
4
What is the units digit of 1495?
5
What is the hundreds digit of 1116?
1
What is the hundreds digit of 4666?
6
What is the hundreds digit of 9406?
4
What is the ten thousands digit of 16195?
1
What is the ten thousands digit of 106016?
0
What is the tens digit of 795?
9
What is the ten thousands digit of 34405?
3
What is the thousands digit of 1371?
1
What is the hundreds digit of 4639?
6
What is the tens digit of 1084?
8
What is the units digit of 14947?
7
What is the thousands digit of 10247?
0
What is the thousands digit of 1824?
1
What is the hundreds digit of 418?
4
What is the hundreds digit of 1724?
7
What is the tens digit of 317?
1
What is the units digit of 231?
1
What is the tens digit of 72484?
8
What is the hundreds digit of 1368?
3
What is the tens digit of 2440?
4
What is the units digit of 673?
3
What is the ten thousands digit of 18166?
1
What is the thousands digit of 1679?
1
What is the units digit of 11042?
2
What is the hundreds digit of 9762?
7
What is the tens digit of 26878?
7
What is the tens digit of 27424?
2
What is the ten thousands digit of 52455?
5
What is the hundreds digit of 145177?
1
What is the tens digit of 4273?
7
What is the tens digit of 560?
6
What is the thousands digit of 4781?
4
What is the hundreds digit of 1875?
8
What is the tens digit of 39199?
9
What is the tens digit of 13259?
5
What is the units digit of 3416?
6
What is the units digit of 4301?
1
What is the hundreds digit of 91544?
5
What is the hundreds digit of 3177?
1
What is the tens digit of 18907?
0
What is the ten thousands digit of 10538?
1
What is the thousands digit of 2893?
2
What is the units digit of 835?
5
What is the hundreds digit of 3321?
3
What is the tens digit of 3353?
5
What is the units digit of 172802?
2
What is the tens digit of 850?
5
What is the hundreds digit of 1964?
9
What is the units digit of 445?
5
What is the units digit of 3744?
4
What is the thousands digit of 21626?
1
What is the ten thousands digit of 29985?
2
What is the tens digit of 7786?
8
What is the tens digit of 439?
3
What is the hundreds digit of 1865?
8
What is the units digit of 640?
0
What is the units digit of 99472?
2
What is the units digit of 938?
8
What is the thousands digit of 115524?
5
What is the units digit of 24395?
5
What is the units digit of 2041?
1
What is the tens digit of 927?
2
What is the ten thousands digit of 23588?
2
What is the ten thousands digit of 47216?
4
What is the thousands digit of 17365?
7
What is the hundreds digit of 2749?
7
What is the units digit of 93?
3
What is the thousands digit of 2009?
2
What is the tens digit of 7815?
1
What is the hundreds digit of 554?
5
What is the hundreds digit of 1973?
9
What is the thousands digit of 4753?
4
What is the hundreds digit of 12793?
7
What is the tens digit of 24883?
8
What is the ten thousands digit of 34424?
3
What is the tens digit of 3770?
7
What is the units digit of 1674?
4
What is the tens digit of 8763?
6
What is the thousands digit of 5489?
5
What is the units digit of 1974?
4
What is the units digit of 3840?
0
What is the hundreds digit of 19045?
0
What is the ten thousands digit of 29084?
2
What is the hundreds digit of 1759?
7
What is the tens digit of 8855?
5
What is the hundreds digit of 2806?
8
What is the tens digit of 29797?
9
What is the units digit of 1181?
1
What is the units digit of 1768?
8
What is the thousands digit of 21225?
1
What is the hundreds digit of 5755?
7
What is the thousands digit of 4961?
4
What is the hundreds digit of 2199?
1
What is the units digit of 12431?
1
What is the ten thousands digit of 52413?
5
What is the hundreds digit of 10036?
0
What is the ten thousands digit of 20601?
2
What is the units digit of 953?
3
What is the tens digit of 1965?
6
What is the thousands digit of 3752?
3
What is the tens digit of 